-21. Let a(w) = 7*w + 5. What is the units digit of a(y)?
1
Suppose -4*x + 18 = -x. Let v(l) = 11*l - 5. What is the units digit of v(x)?
1
Let y(f) = -f**3 - 11*f**2 + 15*f - 18. Let s be y(-13). Let k = 180 - s. What is the tens digit of k?
5
Let c = -4 + 9. Suppose 0 = -3*h - 0*f + c*f + 173, -5*h = -f - 303. What is the tens digit of h?
6
Let n be (-3 - -3 - 211)*-3. Suppose 4*g - n = -61. Suppose -5*p = 4*z - 234, -p + g = 2*p + 5*z. What is the units digit of p?
6
Let n(a) = -a**3 + 4*a**2 + 5*a - 1. Let l be n(5). Let f = 13 + l. Suppose 3*j + f - 42 = 0. What is the tens digit of j?
1
Let u(k) = k**3 - 4*k**2 + 5*k - 5. Let i be u(3). What is the tens digit of i/(-1)*1 - -33?
3
Suppose 2*l - 25 = 9. Suppose 5*t - l + 57 = 0. What is the units digit of (t/(-6))/(4/60)?
0
Let t(g) = -g**2 + 17*g - 8. Let s = 45 - 32. What is the units digit of t(s)?
4
Let x = 909 - 390. What is the tens digit of x?
1
Suppose 2*v = -3*m + 275, -6*v - m = -v - 668. What is the tens digit of v?
3
Let q = 59 + 295. What is the hundreds digit of q?
3
Let i = -23 - -21. Let o be 30/(-20)*(i - 0). Suppose -o*p = -4*l - 28, 16 = -0*p + 2*p - 4*l. What is the units digit of p?
2
Let s = 26 + -21. Suppose -v + 3*m + s = m, 2*v + m = 5. What is the units digit of v?
3
Let m = 50 + -84. Let b be 14/98 + m/(-7). Suppose b*c - 285 = -50. What is the units digit of c?
7
Suppose 2*d - 19 + 354 = 3*y, 4*y - 2*d - 446 = 0. Let h = -62 + y. Suppose -2*a + 4*w = 3*w - h, 5*a - 2*w - 123 = 0. What is the units digit of a?
5
Let f = 8 + -8. Let s = 0 + f. Suppose 0 = -w, s = -5*h + w + 2*w + 250. What is the tens digit of h?
5
Let c be 5 - (-1 - (-2 - 0)). Let w(z) = 2 + 10*z**3 - 5*z**3 + 7*z**2 - 6*z**3 - 4*z - 10. What is the units digit of w(c)?
4
Suppose -5*a + 9*g - 7*g = -758, -a + 3*g = -149. What is the hundreds digit of a?
1
Let d be 0 + (6 - 3) - (3 + -2). Suppose f = -d*k - 3*k + 187, -5*f - k = -815. What is the hundreds digit of f?
1
Suppose 4 = 4*w - 0*w. Suppose 0 = -4*y - 16, -5*y - 16 = 3*i + w. What is the units digit of (-14)/7 + (i - -11)?
0
Let z = 0 - -3. Let t(d) = 2*d**2 + z*d + 1 - 3*d + 2*d + 0*d**2. What is the tens digit of t(3)?
2
Let d = -24 - -24. Suppose d = -6*g - 0*g + 366. What is the units digit of g?
1
What is the hundreds digit of 19539/13 + (3 - 3)?
5
What is the units digit of 15/(-21) + 1 + 325155/105?
7
Suppose 3*n = -2*o - 479 + 69, o + 4*n + 215 = 0. Let w be (-36)/12*o/3. Suppose 2*k - 4*m - 84 = -3*m, -w = -5*k - 3*m. What is the units digit of k?
1
Suppose 0*b + b = 6. Suppose -3*m + b*m - 834 = 0. What is the units digit of m?
8
What is the tens digit of 18/66 - (-11676)/22?
3
Let l = -1155 + 4906. What is the thousands digit of l?
3
Let g(a) = -a**3 + 18*a**2 - 18*a + 22. Let q be 1*66/4 - 22/(-44). What is the units digit of g(q)?
5
Suppose 4*v + 219 = h - 160, 5*v = -3*h + 1154. What is the units digit of h?
3
Let n be 16/72 - -1*1317/27. Let r be -29 + 0 + -4 + 2. Let h = r + n. What is the tens digit of h?
1
What is the units digit of (-2)/9 - (-225445)/99?
7
Suppose -4*k + 2*f - 14 = 0, 0 = 3*k - 4*k + 4*f - 21. What is the tens digit of (-2 - k)*(-6)/(30/905)?
8
Let u(h) = -44*h**3 + h**2 + h. Let s be u(-1). Suppose 0 = 2*r + 2*w + w + 1, -3*r + 4*w = s. What is the units digit of (-130)/4*r/10?
6
Let t be ((-64)/3)/(4/3 + -2). Suppose -5*p = 15, s - 2 + 15 = -5*p. Suppose -s*c - 2*c + t = 0. What is the units digit of c?
8
Let d be -8*(33/12 + -3). Suppose 0 = 3*r - 5*g - 381, -3*r = -0*r - d*g - 390. What is the hundreds digit of r?
1
Suppose 40*o - 39708 = 22*o. What is the thousands digit of o?
2
Let f(l) = l + 15. Suppose 4*c = 3*u - 10, 5*u - 5 = 5*c + 5. Let o(q) = 8*q + 6. Let b be o(u). What is the units digit of f(b)?
5
Let y(b) be the second derivative of b**5/20 - 5*b**4/6 - b**3/3 + 7*b**2 + 16*b. What is the hundreds digit of y(11)?
1
Let h(n) = -n**2 + n - 2. Let g be h(3). Let s = g - -13. Suppose -s*r + 3*r = -104. What is the tens digit of r?
5
Let z be 2 + -327*(-8)/(-12). What is the tens digit of (-42)/(-4)*z/(-14)?
6
Suppose 2*r = -3*g - 24, -4*r + 2*g = -8*r - 56. Let f be (-2)/r + (-994)/30. Let c = -25 - f. What is the units digit of c?
8
Let i(h) be the first derivative of 3*h**3 - h**2 - 2*h + 9. What is the tens digit of i(3)?
7
Suppose 4*i = -4*k + 1020, 5*i = i + 4*k + 988. What is the tens digit of i?
5
Let x(t) = t + 66 + 29 - 2*t + 0. Let n be x(0). Let y = n + -30. What is the units digit of y?
5
Let g(r) = r**3 + 14*r**2 + 6*r. Let w be g(-13). Suppose -w - 41 = -3*q. What is the tens digit of q?
4
Let k(m) = -6*m + 21. Let z be k(-10). Suppose u = 2*g - 33, -5*g + z = -3*u - 1. What is the units digit of g?
7
Let g = 8 + -21. Let l(m) = -m**3 - 12*m**2 + 12*m + 5. What is the tens digit of l(g)?
1
Let u(m) = -5*m + 4. Let d be u(-5). Let l = 47 - d. Suppose 3*k + 4*t = -t + l, -5*k - 5*t + 30 = 0. What is the units digit of k?
6
Let g = -389 - -382. Let l(d) be the first derivative of d**3/3 + 3*d**2/2 + 3*d - 1. What is the tens digit of l(g)?
3
Let s be -3 + (2 - 910/(-2)). Suppose f + 3*f = 2*h + s, f - 118 = -4*h. What is the units digit of (f/(-9))/((-4)/6)?
9
Suppose o = -2*a - o + 112, -234 = -4*a + o. Suppose -1 = 5*x - 6*x. Suppose -2*s = -2*u + a, -u + 2*s = 7*s + x. What is the tens digit of u?
2
Let a be (-1*2)/(-6 + 128/22). Suppose -2*m = m - 465. Suppose -4*t = -m + a. What is the tens digit of t?
3
Let q = -72 - -354. What is the tens digit of q?
8
Suppose -6 = t + 9. What is the units digit of 10/t - 406/(-6)?
7
Suppose 0 = -f + 2 + 1. Suppose -3*m = -0*y + f*y - 6, 0 = m + 2*y - 4. Suppose 2*d - 16 - 8 = m. What is the units digit of d?
2
Let z(i) = 6*i. Let r be z(-1). Let c be -3*7/(63/r). What is the tens digit of -2 + (-204)/(-3) + c?
6
Let x(f) = -f - 5. Let t be x(-7). Let a = t - -2. Suppose 2*o - a = -y, 0*y = -2*y - o + 8. What is the units digit of y?
4
Let a = 32 + -33. What is the tens digit of 1 + a + -1 + 94?
9
Suppose -35*m + 2176 = -18*m. What is the tens digit of m?
2
Let x(v) = v**3 + 3*v**2 - 6*v - 1. Let h = -12 + 8. Let w be x(h). Suppose 8*r - w*r - 49 = 0. What is the units digit of r?
9
Let b be (-368)/(-48) + 4/(-6). Suppose b + 63 = 5*i. What is the tens digit of i?
1
Suppose -6*y + 4*y = -n - 27, -n + 3*y = 26. Let o = 53 + n. What is the units digit of (-2)/6 - (-1040)/o?
3
Let l = -79 + 95. Suppose i + l = -5*j + 63, -i - 3*j = -57. What is the tens digit of i?
7
Let y(c) = -5 + 17*c + 10*c - 14*c. What is the tens digit of y(7)?
8
What is the units digit of 1*((-3)/(-3) - -392)?
3
Let n(z) = 3*z**2 - 4*z + 4. Let d be n(3). Let t = d + -15. Suppose 6 = -k - 5*q, 2*k = t*k - 2*q - 24. What is the units digit of k?
9
Let t = -786 + 1818. What is the thousands digit of t?
1
Let y = 2029 - 1613. What is the units digit of y?
6
Suppose 0*g = 2*g - 6. Suppose -168 - 79 = -5*y - a, -g*y = a - 149. What is the tens digit of y?
4
Suppose 0 = 2*b - 7 + 5, i = -4*b + 1447. What is the hundreds digit of i?
4
Let w(r) = 23*r**2 + 82*r + 21. What is the hundreds digit of w(7)?
7
Suppose -g - 2*g - p = -125, -3*g + 115 = -4*p. What is the tens digit of g?
4
Suppose -p + 0*p + 3 = 0. Suppose -584 = -7*t + p*t. What is the hundreds digit of t?
1
Suppose -2*v - y = 0, -4*y = -0*y + 16. Let n(z) = 3*z - 4. Let b be n(v). Suppose -b*s - 3*s = -2*o + 54, -2*s = 4*o - 132. What is the tens digit of o?
3
Let l(y) = -y**2 + 4*y - 4. Let q be l(5). What is the units digit of ((-175)/(-2) + 1)*(-6)/q?
9
What is the tens digit of 106*3*(-24)/(-16)?
7
Let s(j) = 3*j - 13. Let r be s(10). Suppose -2*l + 123 = -r. What is the units digit of l?
0
Let m = 7013 + -2796. What is the hundreds digit of m?
2
Let k(f) = 2*f**2 - 8*f. Suppose -3*m + 66 = -5*c, 3*c = -0*c - 4*m - 28. Let z = -6 - c. What is the tens digit of k(z)?
2
Suppose -5*f - 4*i = -6992, 12*i - 13*i = -3. What is the tens digit of f?
9
Let j = -571 + 1155. What is the tens digit of j?
8
What is the tens digit of (-8124)/(-10) + 52/(-130)?
1
Suppose -6 = 3*p - p. Let g be 0 - (p - -7) - 2. What is the units digit of ((-451)/(-33))/((-2)/g)?
1
Let s = 68 - 66. Suppose -s*z + 14*z - 1440 = 0. What is the units digit of z?
0
Let n = 50 - 36. Let p be (-2)/5 - (-63)/(-5). Let a = n + p. What is the units